{"id":6163,"date":"2024-05-22T11:28:03","date_gmt":"2024-05-22T09:28:03","guid":{"rendered":"https:\/\/centresocial-horizon.fr\/?page_id=6163"},"modified":"2026-04-24T09:26:05","modified_gmt":"2026-04-24T07:26:05","slug":"friphorizon","status":"publish","type":"page","link":"https:\/\/centresocial-horizon.fr\/?page_id=6163","title":{"rendered":"Frip&rsquo;Horizon"},"content":{"rendered":"\n<p>Prochaine ouverture Frip&rsquo;Horizon le vendredi 19 juin 2026 de 9h00 \u00e0 17h00 !<\/p>\n\n\n\n<figure class=\"wp-block-image size-large\"><a href=\"https:\/\/centresocial-horizon.fr\/wp-content\/uploads\/2025\/11\/Jeudis-shopping-ecocyclerie-2025-2026_page-0001-1.jpg\"><img loading=\"lazy\" decoding=\"async\" width=\"724\" height=\"1024\" src=\"https:\/\/centresocial-horizon.fr\/wp-content\/uploads\/2025\/11\/Jeudis-shopping-ecocyclerie-2025-2026_page-0001-1-724x1024.jpg\" alt=\"\" class=\"wp-image-7428\" srcset=\"https:\/\/centresocial-horizon.fr\/wp-content\/uploads\/2025\/11\/Jeudis-shopping-ecocyclerie-2025-2026_page-0001-1-724x1024.jpg 724w, https:\/\/centresocial-horizon.fr\/wp-content\/uploads\/2025\/11\/Jeudis-shopping-ecocyclerie-2025-2026_page-0001-1-212x300.jpg 212w, https:\/\/centresocial-horizon.fr\/wp-content\/uploads\/2025\/11\/Jeudis-shopping-ecocyclerie-2025-2026_page-0001-1-768x1086.jpg 768w, https:\/\/centresocial-horizon.fr\/wp-content\/uploads\/2025\/11\/Jeudis-shopping-ecocyclerie-2025-2026_page-0001-1-600x849.jpg 600w, https:\/\/centresocial-horizon.fr\/wp-content\/uploads\/2025\/11\/Jeudis-shopping-ecocyclerie-2025-2026_page-0001-1-1086x1536.jpg 1086w, https:\/\/centresocial-horizon.fr\/wp-content\/uploads\/2025\/11\/Jeudis-shopping-ecocyclerie-2025-2026_page-0001-1.jpg 1241w\" sizes=\"auto, (max-width: 724px) 100vw, 724px\" \/><\/a><\/figure>\n\n\n\n<p><\/p>\n\n\n\n<p><\/p>\n\n\n\n<figure class=\"wp-block-image size-large is-resized\"><a href=\"https:\/\/centresocial-horizon.fr\/wp-content\/uploads\/2025\/10\/Equipe-doctobre-2025-avec-Clemence-Cesbron.jpg\"><img loading=\"lazy\" decoding=\"async\" width=\"1024\" height=\"473\" src=\"https:\/\/centresocial-horizon.fr\/wp-content\/uploads\/2025\/10\/Equipe-doctobre-2025-avec-Clemence-Cesbron-1024x473.jpg\" alt=\"\" class=\"wp-image-7353\" style=\"width:820px;height:auto\" srcset=\"https:\/\/centresocial-horizon.fr\/wp-content\/uploads\/2025\/10\/Equipe-doctobre-2025-avec-Clemence-Cesbron-1024x473.jpg 1024w, https:\/\/centresocial-horizon.fr\/wp-content\/uploads\/2025\/10\/Equipe-doctobre-2025-avec-Clemence-Cesbron-300x139.jpg 300w, https:\/\/centresocial-horizon.fr\/wp-content\/uploads\/2025\/10\/Equipe-doctobre-2025-avec-Clemence-Cesbron-768x355.jpg 768w, https:\/\/centresocial-horizon.fr\/wp-content\/uploads\/2025\/10\/Equipe-doctobre-2025-avec-Clemence-Cesbron-600x277.jpg 600w, https:\/\/centresocial-horizon.fr\/wp-content\/uploads\/2025\/10\/Equipe-doctobre-2025-avec-Clemence-Cesbron-1536x709.jpg 1536w, https:\/\/centresocial-horizon.fr\/wp-content\/uploads\/2025\/10\/Equipe-doctobre-2025-avec-Clemence-Cesbron.jpg 2040w\" sizes=\"auto, (max-width: 1024px) 100vw, 1024px\" \/><\/a><figcaption class=\"wp-element-caption\">L&rsquo;\u00e9quipe d&rsquo;octobre 2025 accompagn\u00e9e de Cl\u00e9mence Cesbron, socio-esth\u00e9ticienne !<\/figcaption><\/figure>\n\n\n\n<p><\/p>\n\n\n\n<figure class=\"wp-block-image size-large is-style-rounded\"><a href=\"https:\/\/centresocial-horizon.fr\/wp-content\/uploads\/2025\/10\/Un-total-look-Frip-porte-par-Cyrielle.jpg\"><img loading=\"lazy\" decoding=\"async\" width=\"473\" height=\"1024\" src=\"https:\/\/centresocial-horizon.fr\/wp-content\/uploads\/2025\/10\/Un-total-look-Frip-porte-par-Cyrielle-473x1024.jpg\" alt=\"\" class=\"wp-image-7354\" srcset=\"https:\/\/centresocial-horizon.fr\/wp-content\/uploads\/2025\/10\/Un-total-look-Frip-porte-par-Cyrielle-473x1024.jpg 473w, https:\/\/centresocial-horizon.fr\/wp-content\/uploads\/2025\/10\/Un-total-look-Frip-porte-par-Cyrielle-139x300.jpg 139w, https:\/\/centresocial-horizon.fr\/wp-content\/uploads\/2025\/10\/Un-total-look-Frip-porte-par-Cyrielle-600x1299.jpg 600w, https:\/\/centresocial-horizon.fr\/wp-content\/uploads\/2025\/10\/Un-total-look-Frip-porte-par-Cyrielle-709x1536.jpg 709w, https:\/\/centresocial-horizon.fr\/wp-content\/uploads\/2025\/10\/Un-total-look-Frip-porte-par-Cyrielle.jpg 739w\" sizes=\"auto, (max-width: 473px) 100vw, 473px\" \/><\/a><figcaption class=\"wp-element-caption\">Total look Frip&rsquo; Horizon port\u00e9 par Cyrielle !<\/figcaption><\/figure>\n\n\n\n<p><\/p>\n\n\n\n<figure class=\"wp-block-image size-full\"><a href=\"https:\/\/centresocial-horizon.fr\/wp-content\/uploads\/2025\/10\/Photos-septembre-2025-1.jpg\"><img loading=\"lazy\" decoding=\"async\" width=\"574\" height=\"1020\" src=\"https:\/\/centresocial-horizon.fr\/wp-content\/uploads\/2025\/10\/Photos-septembre-2025-1.jpg\" alt=\"\" class=\"wp-image-7303\" srcset=\"https:\/\/centresocial-horizon.fr\/wp-content\/uploads\/2025\/10\/Photos-septembre-2025-1.jpg 574w, https:\/\/centresocial-horizon.fr\/wp-content\/uploads\/2025\/10\/Photos-septembre-2025-1-169x300.jpg 169w\" sizes=\"auto, (max-width: 574px) 100vw, 574px\" \/><\/a><\/figure>\n\n\n\n<figure class=\"wp-block-image size-full\"><a href=\"https:\/\/centresocial-horizon.fr\/wp-content\/uploads\/2025\/10\/photo-septembre-2025-2.jpg\"><img loading=\"lazy\" decoding=\"async\" width=\"768\" height=\"1020\" src=\"https:\/\/centresocial-horizon.fr\/wp-content\/uploads\/2025\/10\/photo-septembre-2025-2.jpg\" alt=\"\" class=\"wp-image-7304\" srcset=\"https:\/\/centresocial-horizon.fr\/wp-content\/uploads\/2025\/10\/photo-septembre-2025-2.jpg 768w, https:\/\/centresocial-horizon.fr\/wp-content\/uploads\/2025\/10\/photo-septembre-2025-2-226x300.jpg 226w, https:\/\/centresocial-horizon.fr\/wp-content\/uploads\/2025\/10\/photo-septembre-2025-2-600x797.jpg 600w\" sizes=\"auto, (max-width: 768px) 100vw, 768px\" \/><\/a><\/figure>\n\n\n\n<figure class=\"wp-block-image size-full\"><a href=\"https:\/\/centresocial-horizon.fr\/wp-content\/uploads\/2025\/10\/Photo-septembre-2025-3.jpg\"><img loading=\"lazy\" decoding=\"async\" width=\"768\" height=\"1020\" src=\"https:\/\/centresocial-horizon.fr\/wp-content\/uploads\/2025\/10\/Photo-septembre-2025-3.jpg\" alt=\"\" class=\"wp-image-7305\" srcset=\"https:\/\/centresocial-horizon.fr\/wp-content\/uploads\/2025\/10\/Photo-septembre-2025-3.jpg 768w, https:\/\/centresocial-horizon.fr\/wp-content\/uploads\/2025\/10\/Photo-septembre-2025-3-226x300.jpg 226w, https:\/\/centresocial-horizon.fr\/wp-content\/uploads\/2025\/10\/Photo-septembre-2025-3-600x797.jpg 600w\" sizes=\"auto, (max-width: 768px) 100vw, 768px\" \/><\/a><\/figure>\n\n\n\n<figure class=\"wp-block-image size-large\"><a href=\"https:\/\/centresocial-horizon.fr\/wp-content\/uploads\/2025\/07\/IMG-20250627-WA0023.jpg\"><img loading=\"lazy\" decoding=\"async\" width=\"1024\" height=\"472\" src=\"https:\/\/centresocial-horizon.fr\/wp-content\/uploads\/2025\/07\/IMG-20250627-WA0023-1024x472.jpg\" alt=\"\" class=\"wp-image-7067\" srcset=\"https:\/\/centresocial-horizon.fr\/wp-content\/uploads\/2025\/07\/IMG-20250627-WA0023-1024x472.jpg 1024w, https:\/\/centresocial-horizon.fr\/wp-content\/uploads\/2025\/07\/IMG-20250627-WA0023-300x138.jpg 300w, https:\/\/centresocial-horizon.fr\/wp-content\/uploads\/2025\/07\/IMG-20250627-WA0023-768x354.jpg 768w, https:\/\/centresocial-horizon.fr\/wp-content\/uploads\/2025\/07\/IMG-20250627-WA0023-600x277.jpg 600w, https:\/\/centresocial-horizon.fr\/wp-content\/uploads\/2025\/07\/IMG-20250627-WA0023-1536x708.jpg 1536w, https:\/\/centresocial-horizon.fr\/wp-content\/uploads\/2025\/07\/IMG-20250627-WA0023.jpg 1600w\" sizes=\"auto, (max-width: 1024px) 100vw, 1024px\" \/><\/a><\/figure>\n\n\n\n<p><\/p>\n\n\n\n<figure class=\"wp-block-image size-large\"><a href=\"https:\/\/centresocial-horizon.fr\/wp-content\/uploads\/2025\/07\/IMG-20250627-WA0016.jpg\"><img loading=\"lazy\" decoding=\"async\" width=\"1024\" height=\"472\" src=\"https:\/\/centresocial-horizon.fr\/wp-content\/uploads\/2025\/07\/IMG-20250627-WA0016-1024x472.jpg\" alt=\"\" class=\"wp-image-7066\" srcset=\"https:\/\/centresocial-horizon.fr\/wp-content\/uploads\/2025\/07\/IMG-20250627-WA0016-1024x472.jpg 1024w, https:\/\/centresocial-horizon.fr\/wp-content\/uploads\/2025\/07\/IMG-20250627-WA0016-300x138.jpg 300w, https:\/\/centresocial-horizon.fr\/wp-content\/uploads\/2025\/07\/IMG-20250627-WA0016-768x354.jpg 768w, https:\/\/centresocial-horizon.fr\/wp-content\/uploads\/2025\/07\/IMG-20250627-WA0016-600x277.jpg 600w, https:\/\/centresocial-horizon.fr\/wp-content\/uploads\/2025\/07\/IMG-20250627-WA0016-1536x708.jpg 1536w, https:\/\/centresocial-horizon.fr\/wp-content\/uploads\/2025\/07\/IMG-20250627-WA0016.jpg 1600w\" sizes=\"auto, (max-width: 1024px) 100vw, 1024px\" \/><\/a><\/figure>\n\n\n\n<p><\/p>\n\n\n\n<p><\/p>\n\n\n\n<p><\/p>\n","protected":false},"excerpt":{"rendered":"<p>Prochaine ouverture Frip&rsquo;Horizon le vendredi 19 juin 2026 de 9h00 \u00e0 17h00 !<\/p>\n","protected":false},"author":17,"featured_media":6939,"parent":0,"menu_order":0,"comment_status":"closed","ping_status":"closed","template":"","meta":{"footnotes":""},"class_list":["post-6163","page","type-page","status-publish","has-post-thumbnail","hentry"],"_links":{"self":[{"href":"https:\/\/centresocial-horizon.fr\/index.php?rest_route=\/wp\/v2\/pages\/6163","targetHints":{"allow":["GET"]}}],"collection":[{"href":"https:\/\/centresocial-horizon.fr\/index.php?rest_route=\/wp\/v2\/pages"}],"about":[{"href":"https:\/\/centresocial-horizon.fr\/index.php?rest_route=\/wp\/v2\/types\/page"}],"author":[{"embeddable":true,"href":"https:\/\/centresocial-horizon.fr\/index.php?rest_route=\/wp\/v2\/users\/17"}],"replies":[{"embeddable":true,"href":"https:\/\/centresocial-horizon.fr\/index.php?rest_route=%2Fwp%2Fv2%2Fcomments&post=6163"}],"version-history":[{"count":34,"href":"https:\/\/centresocial-horizon.fr\/index.php?rest_route=\/wp\/v2\/pages\/6163\/revisions"}],"predecessor-version":[{"id":7763,"href":"https:\/\/centresocial-horizon.fr\/index.php?rest_route=\/wp\/v2\/pages\/6163\/revisions\/7763"}],"wp:featuredmedia":[{"embeddable":true,"href":"https:\/\/centresocial-horizon.fr\/index.php?rest_route=\/wp\/v2\/media\/6939"}],"wp:attachment":[{"href":"https:\/\/centresocial-horizon.fr\/index.php?rest_route=%2Fwp%2Fv2%2Fmedia&parent=6163"}],"curies":[{"name":"wp","href":"https:\/\/api.w.org\/{rel}","templated":true}]}}

<p>Prochaine ouverture Frip&rsquo;Horizon le vendredi 19 juin 2026 de 9h00 à 17h00 !</p>



<figure class="wp-block-image size-large"><a href="https://centresocial-horizon.fr/wp-content/uploads/2025/11/Jeudis-shopping-ecocyclerie-2025-2026_page-0001-1.jpg"><img loading="lazy" decoding="async" width="724" height="1024" src="https://centresocial-horizon.fr/wp-content/uploads/2025/11/Jeudis-shopping-ecocyclerie-2025-2026_page-0001-1-724x1024.jpg" alt="" class="wp-image-7428" srcset="https://centresocial-horizon.fr/wp-content/uploads/2025/11/Jeudis-shopping-ecocyclerie-2025-2026_page-0001-1-724x1024.jpg 724w, https://centresocial-horizon.fr/wp-content/uploads/2025/11/Jeudis-shopping-ecocyclerie-2025-2026_page-0001-1-212x300.jpg 212w, https://centresocial-horizon.fr/wp-content/uploads/2025/11/Jeudis-shopping-ecocyclerie-2025-2026_page-0001-1-768x1086.jpg 768w, https://centresocial-horizon.fr/wp-content/uploads/2025/11/Jeudis-shopping-ecocyclerie-2025-2026_page-0001-1-600x849.jpg 600w, https://centresocial-horizon.fr/wp-content/uploads/2025/11/Jeudis-shopping-ecocyclerie-2025-2026_page-0001-1-1086x1536.jpg 1086w, https://centresocial-horizon.fr/wp-content/uploads/2025/11/Jeudis-shopping-ecocyclerie-2025-2026_page-0001-1.jpg 1241w" sizes="auto, (max-width: 724px) 100vw, 724px" /></a></figure>



<p></p>



<p></p>



<figure class="wp-block-image size-large is-resized"><a href="https://centresocial-horizon.fr/wp-content/uploads/2025/10/Equipe-doctobre-2025-avec-Clemence-Cesbron.jpg"><img loading="lazy" decoding="async" width="1024" height="473" src="https://centresocial-horizon.fr/wp-content/uploads/2025/10/Equipe-doctobre-2025-avec-Clemence-Cesbron-1024x473.jpg" alt="" class="wp-image-7353" style="width:820px;height:auto" srcset="https://centresocial-horizon.fr/wp-content/uploads/2025/10/Equipe-doctobre-2025-avec-Clemence-Cesbron-1024x473.jpg 1024w, https://centresocial-horizon.fr/wp-content/uploads/2025/10/Equipe-doctobre-2025-avec-Clemence-Cesbron-300x139.jpg 300w, https://centresocial-horizon.fr/wp-content/uploads/2025/10/Equipe-doctobre-2025-avec-Clemence-Cesbron-768x355.jpg 768w, https://centresocial-horizon.fr/wp-content/uploads/2025/10/Equipe-doctobre-2025-avec-Clemence-Cesbron-600x277.jpg 600w, https://centresocial-horizon.fr/wp-content/uploads/2025/10/Equipe-doctobre-2025-avec-Clemence-Cesbron-1536x709.jpg 1536w, https://centresocial-horizon.fr/wp-content/uploads/2025/10/Equipe-doctobre-2025-avec-Clemence-Cesbron.jpg 2040w" sizes="auto, (max-width: 1024px) 100vw, 1024px" /></a><figcaption class="wp-element-caption">L&rsquo;équipe d&rsquo;octobre 2025 accompagnée de Clémence Cesbron, socio-esthéticienne !</figcaption></figure>



<p></p>



<figure class="wp-block-image size-large is-style-rounded"><a href="https://centresocial-horizon.fr/wp-content/uploads/2025/10/Un-total-look-Frip-porte-par-Cyrielle.jpg"><img loading="lazy" decoding="async" width="473" height="1024" src="https://centresocial-horizon.fr/wp-content/uploads/2025/10/Un-total-look-Frip-porte-par-Cyrielle-473x1024.jpg" alt="" class="wp-image-7354" srcset="https://centresocial-horizon.fr/wp-content/uploads/2025/10/Un-total-look-Frip-porte-par-Cyrielle-473x1024.jpg 473w, https://centresocial-horizon.fr/wp-content/uploads/2025/10/Un-total-look-Frip-porte-par-Cyrielle-139x300.jpg 139w, https://centresocial-horizon.fr/wp-content/uploads/2025/10/Un-total-look-Frip-porte-par-Cyrielle-600x1299.jpg 600w, https://centresocial-horizon.fr/wp-content/uploads/2025/10/Un-total-look-Frip-porte-par-Cyrielle-709x1536.jpg 709w, https://centresocial-horizon.fr/wp-content/uploads/2025/10/Un-total-look-Frip-porte-par-Cyrielle.jpg 739w" sizes="auto, (max-width: 473px) 100vw, 473px" /></a><figcaption class="wp-element-caption">Total look Frip&rsquo; Horizon porté par Cyrielle !</figcaption></figure>



<p></p>



<figure class="wp-block-image size-full"><a href="https://centresocial-horizon.fr/wp-content/uploads/2025/10/Photos-septembre-2025-1.jpg"><img loading="lazy" decoding="async" width="574" height="1020" src="https://centresocial-horizon.fr/wp-content/uploads/2025/10/Photos-septembre-2025-1.jpg" alt="" class="wp-image-7303" srcset="https://centresocial-horizon.fr/wp-content/uploads/2025/10/Photos-septembre-2025-1.jpg 574w, https://centresocial-horizon.fr/wp-content/uploads/2025/10/Photos-septembre-2025-1-169x300.jpg 169w" sizes="auto, (max-width: 574px) 100vw, 574px" /></a></figure>



<figure class="wp-block-image size-full"><a href="https://centresocial-horizon.fr/wp-content/uploads/2025/10/photo-septembre-2025-2.jpg"><img loading="lazy" decoding="async" width="768" height="1020" src="https://centresocial-horizon.fr/wp-content/uploads/2025/10/photo-septembre-2025-2.jpg" alt="" class="wp-image-7304" srcset="https://centresocial-horizon.fr/wp-content/uploads/2025/10/photo-septembre-2025-2.jpg 768w, https://centresocial-horizon.fr/wp-content/uploads/2025/10/photo-septembre-2025-2-226x300.jpg 226w, https://centresocial-horizon.fr/wp-content/uploads/2025/10/photo-septembre-2025-2-600x797.jpg 600w" sizes="auto, (max-width: 768px) 100vw, 768px" /></a></figure>



<figure class="wp-block-image size-full"><a href="https://centresocial-horizon.fr/wp-content/uploads/2025/10/Photo-septembre-2025-3.jpg"><img loading="lazy" decoding="async" width="768" height="1020" src="https://centresocial-horizon.fr/wp-content/uploads/2025/10/Photo-septembre-2025-3.jpg" alt="" class="wp-image-7305" srcset="https://centresocial-horizon.fr/wp-content/uploads/2025/10/Photo-septembre-2025-3.jpg 768w, https://centresocial-horizon.fr/wp-content/uploads/2025/10/Photo-septembre-2025-3-226x300.jpg 226w, https://centresocial-horizon.fr/wp-content/uploads/2025/10/Photo-septembre-2025-3-600x797.jpg 600w" sizes="auto, (max-width: 768px) 100vw, 768px" /></a></figure>



<figure class="wp-block-image size-large"><a href="https://centresocial-horizon.fr/wp-content/uploads/2025/07/IMG-20250627-WA0023.jpg"><img loading="lazy" decoding="async" width="1024" height="472" src="https://centresocial-horizon.fr/wp-content/uploads/2025/07/IMG-20250627-WA0023-1024x472.jpg" alt="" class="wp-image-7067" srcset="https://centresocial-horizon.fr/wp-content/uploads/2025/07/IMG-20250627-WA0023-1024x472.jpg 1024w, https://centresocial-horizon.fr/wp-content/uploads/2025/07/IMG-20250627-WA0023-300x138.jpg 300w, https://centresocial-horizon.fr/wp-content/uploads/2025/07/IMG-20250627-WA0023-768x354.jpg 768w, https://centresocial-horizon.fr/wp-content/uploads/2025/07/IMG-20250627-WA0023-600x277.jpg 600w, https://centresocial-horizon.fr/wp-content/uploads/2025/07/IMG-20250627-WA0023-1536x708.jpg 1536w, https://centresocial-horizon.fr/wp-content/uploads/2025/07/IMG-20250627-WA0023.jpg 1600w" sizes="auto, (max-width: 1024px) 100vw, 1024px" /></a></figure>



<p></p>



<figure class="wp-block-image size-large"><a href="https://centresocial-horizon.fr/wp-content/uploads/2025/07/IMG-20250627-WA0016.jpg"><img loading="lazy" decoding="async" width="1024" height="472" src="https://centresocial-horizon.fr/wp-content/uploads/2025/07/IMG-20250627-WA0016-1024x472.jpg" alt="" class="wp-image-7066" srcset="https://centresocial-horizon.fr/wp-content/uploads/2025/07/IMG-20250627-WA0016-1024x472.jpg 1024w, https://centresocial-horizon.fr/wp-content/uploads/2025/07/IMG-20250627-WA0016-300x138.jpg 300w, https://centresocial-horizon.fr/wp-content/uploads/2025/07/IMG-20250627-WA0016-768x354.jpg 768w, https://centresocial-horizon.fr/wp-content/uploads/2025/07/IMG-20250627-WA0016-600x277.jpg 600w, https://centresocial-horizon.fr/wp-content/uploads/2025/07/IMG-20250627-WA0016-1536x708.jpg 1536w, https://centresocial-horizon.fr/wp-content/uploads/2025/07/IMG-20250627-WA0016.jpg 1600w" sizes="auto, (max-width: 1024px) 100vw, 1024px" /></a></figure>



<p></p>



<p></p>



<p></p>

<p>Prochaine ouverture Frip&rsquo;Horizon le vendredi 19 juin 2026 de 9h00 à 17h00 !</p>
