{"id":4429,"date":"2021-07-29T11:04:45","date_gmt":"2021-07-29T09:04:45","guid":{"rendered":"http:\/\/centresocial-horizon.fr\/?page_id=4429"},"modified":"2024-05-22T12:31:10","modified_gmt":"2024-05-22T10:31:10","slug":"nous-contacter","status":"publish","type":"page","link":"https:\/\/centresocial-horizon.fr\/?page_id=4429","title":{"rendered":"Nos horaires\/nous contacter"},"content":{"rendered":"<div class=\"wp-block-image\">\n<figure class=\"aligncenter size-full\"><a href=\"https:\/\/centresocial-horizon.fr\/wp-content\/uploads\/2021\/07\/logo-petit-1.gif\"><img loading=\"lazy\" decoding=\"async\" width=\"114\" height=\"61\" src=\"https:\/\/centresocial-horizon.fr\/wp-content\/uploads\/2021\/07\/logo-petit-1.gif\" alt=\"\" class=\"wp-image-4436\"\/><\/a><\/figure>\n<\/div>\n\n\n<p><strong>Nos Horaires :<\/strong><\/p>\n\n\n\n<p>lundi de 14h00 \u00e0 18h00<\/p>\n\n\n\n<p>mardi et jeudi de 9h00 \u00e0 12h30 et de 14h00 \u00e0 18h00<\/p>\n\n\n\n<p>mercredi et vendredi de 9h00 \u00e0 12h30 et de 14h00 \u00e0 17h00<\/p>\n\n\n\n<p><strong>Notre adresse :<\/strong><\/p>\n\n\n\n<p>4 All\u00e9e des Aigles<\/p>\n\n\n\n<p>49300 CHOLET<\/p>\n\n\n\n<p>02.41.65.13.88<\/p>\n\n\n\n<p><\/p>\n\n\n\n<p class=\"has-text-align-center\"><strong>Nous joindre par mail :<\/strong><\/p>\n\n\n\n<p class=\"has-text-align-center\"><em><strong>Direction :<\/strong><\/em><\/p>\n\n\n\n<p class=\"has-text-align-center\">direction@centresocial-horizon.fr<\/p>\n\n\n\n<p class=\"has-text-align-center\"><em><strong>Accueil :<\/strong><\/em><\/p>\n\n\n\n<p class=\"has-text-align-center\">accueil@centresocial-horizon.fr<\/p>\n\n\n\n<p class=\"has-text-align-center\"><strong>Comptabilit\u00e9 :<\/strong><\/p>\n\n\n\n<p class=\"has-text-align-center\">comptable@centresocial-horizon.fr<\/p>\n\n\n\n<p class=\"has-text-align-center\"><strong><em>R\u00e9f\u00e9rente Seniors<\/em> :<\/strong><\/p>\n\n\n\n<p class=\"has-text-align-center\">senior@centresocial-horizon.fr<\/p>\n\n\n\n<p class=\"has-text-align-center\"><strong><em>\u00c9quipe Jeunesse<\/em><\/strong> :<\/p>\n\n\n\n<p class=\"has-text-align-center\">jeunesse@centresocial-horizon.fr <\/p>\n\n\n\n<p class=\"has-text-align-center\"><strong><em>R\u00e9f\u00e9rente Famille :<\/em><\/strong><\/p>\n\n\n\n<p class=\"has-text-align-center\">famille@centresocial-horizon.fr  <\/p>\n\n\n\n<p class=\"has-text-align-center\"><strong><em>Conseiller num\u00e9rique :<\/em><\/strong><\/p>\n\n\n\n<p class=\"has-text-align-center\">numerique@centresocial-horizon.fr<\/p>\n\n\n\n<p><\/p>\n\n\n\n<p><strong><em>Lien pour nous situer :<\/em><\/strong><\/p>\n\n\n\n<p><a href=\"https:\/\/goo.gl\/maps\/jwtkHxPVmcGES5Xa9\">https:\/\/goo.gl\/maps\/jwtkHxPVmcGES5Xa9<\/a><\/p>\n\n\n\n<p><\/p>\n","protected":false},"excerpt":{"rendered":"<p>Nos Horaires : lundi de 14h00 \u00e0 18h00 mardi et jeudi de 9h00 \u00e0 12h30 et de 14h00 \u00e0 18h00 mercredi et vendredi de 9h00 \u00e0 12h30 et de 14h00 \u00e0 17h00 Notre adresse&#46;&#46;&#46;<\/p>\n","protected":false},"author":17,"featured_media":0,"parent":0,"menu_order":0,"comment_status":"closed","ping_status":"closed","template":"","meta":{"footnotes":""},"class_list":["post-4429","page","type-page","status-publish","hentry"],"_links":{"self":[{"href":"https:\/\/centresocial-horizon.fr\/index.php?rest_route=\/wp\/v2\/pages\/4429","targetHints":{"allow":["GET"]}}],"collection":[{"href":"https:\/\/centresocial-horizon.fr\/index.php?rest_route=\/wp\/v2\/pages"}],"about":[{"href":"https:\/\/centresocial-horizon.fr\/index.php?rest_route=\/wp\/v2\/types\/page"}],"author":[{"embeddable":true,"href":"https:\/\/centresocial-horizon.fr\/index.php?rest_route=\/wp\/v2\/users\/17"}],"replies":[{"embeddable":true,"href":"https:\/\/centresocial-horizon.fr\/index.php?rest_route=%2Fwp%2Fv2%2Fcomments&post=4429"}],"version-history":[{"count":13,"href":"https:\/\/centresocial-horizon.fr\/index.php?rest_route=\/wp\/v2\/pages\/4429\/revisions"}],"predecessor-version":[{"id":6177,"href":"https:\/\/centresocial-horizon.fr\/index.php?rest_route=\/wp\/v2\/pages\/4429\/revisions\/6177"}],"wp:attachment":[{"href":"https:\/\/centresocial-horizon.fr\/index.php?rest_route=%2Fwp%2Fv2%2Fmedia&parent=4429"}],"curies":[{"name":"wp","href":"https:\/\/api.w.org\/{rel}","templated":true}]}}