{"id":314,"date":"2011-03-21T11:00:11","date_gmt":"2011-03-21T10:00:11","guid":{"rendered":"http:\/\/centresocial-horizon.fr\/?page_id=314"},"modified":"2025-07-03T11:38:19","modified_gmt":"2025-07-03T09:38:19","slug":"assemblee-generale","status":"publish","type":"page","link":"https:\/\/centresocial-horizon.fr\/?page_id=314","title":{"rendered":"Assembl\u00e9e G\u00e9n\u00e9rale 2025"},"content":{"rendered":"\n<p class=\"has-text-align-center has-large-font-size\"><span style=\"color: #ff9900;\">L&rsquo;assembl\u00e9e g\u00e9n\u00e9rale ordinaire du Centre Social et Socioculturel Horizon se d\u00e9roulera le <br><\/span><\/p>\n\n\n\n<p class=\"has-text-align-center has-large-font-size\"><span style=\"color: #ff0000;\"><strong>Vendredi 16 mai 2025 \u00e0 partir de 17h30<\/strong><\/span><\/p>\n\n\n\n<p class=\"has-luminous-vivid-amber-background-color has-background has-medium-font-size\"><strong>A l&rsquo;ordre du jour <\/strong>: <\/p>\n\n\n\n<p><\/p>\n\n\n\n<p class=\"has-text-align-center\"><strong>L&rsquo;assembl\u00e9e g\u00e9n\u00e9rale 2025<\/strong><\/p>\n\n\n\n<figure class=\"wp-block-image size-full\"><a href=\"https:\/\/centresocial-horizon.fr\/wp-content\/uploads\/2025\/07\/INVITATION-AG-16-05-2025.png\"><img loading=\"lazy\" decoding=\"async\" width=\"956\" height=\"675\" src=\"https:\/\/centresocial-horizon.fr\/wp-content\/uploads\/2025\/07\/INVITATION-AG-16-05-2025.png\" alt=\"\" class=\"wp-image-7081\" srcset=\"https:\/\/centresocial-horizon.fr\/wp-content\/uploads\/2025\/07\/INVITATION-AG-16-05-2025.png 956w, https:\/\/centresocial-horizon.fr\/wp-content\/uploads\/2025\/07\/INVITATION-AG-16-05-2025-300x212.png 300w, https:\/\/centresocial-horizon.fr\/wp-content\/uploads\/2025\/07\/INVITATION-AG-16-05-2025-768x542.png 768w, https:\/\/centresocial-horizon.fr\/wp-content\/uploads\/2025\/07\/INVITATION-AG-16-05-2025-600x424.png 600w\" sizes=\"auto, (max-width: 956px) 100vw, 956px\" \/><\/a><\/figure>\n\n\n\n<figure class=\"wp-block-image size-large\"><a href=\"https:\/\/centresocial-horizon.fr\/wp-content\/uploads\/2025\/07\/20250516_175202-scaled.jpg\"><img loading=\"lazy\" decoding=\"async\" width=\"1024\" height=\"473\" src=\"https:\/\/centresocial-horizon.fr\/wp-content\/uploads\/2025\/07\/20250516_175202-1024x473.jpg\" alt=\"\" class=\"wp-image-7089\" srcset=\"https:\/\/centresocial-horizon.fr\/wp-content\/uploads\/2025\/07\/20250516_175202-1024x473.jpg 1024w, https:\/\/centresocial-horizon.fr\/wp-content\/uploads\/2025\/07\/20250516_175202-300x139.jpg 300w, https:\/\/centresocial-horizon.fr\/wp-content\/uploads\/2025\/07\/20250516_175202-768x355.jpg 768w, https:\/\/centresocial-horizon.fr\/wp-content\/uploads\/2025\/07\/20250516_175202-600x277.jpg 600w, https:\/\/centresocial-horizon.fr\/wp-content\/uploads\/2025\/07\/20250516_175202-1536x710.jpg 1536w, https:\/\/centresocial-horizon.fr\/wp-content\/uploads\/2025\/07\/20250516_175202-2048x946.jpg 2048w\" sizes=\"auto, (max-width: 1024px) 100vw, 1024px\" \/><\/a><\/figure>\n\n\n\n<figure class=\"wp-block-image size-large\"><a href=\"https:\/\/centresocial-horizon.fr\/wp-content\/uploads\/2025\/07\/20250516_181512-scaled.jpg\"><img loading=\"lazy\" decoding=\"async\" width=\"1024\" height=\"473\" src=\"https:\/\/centresocial-horizon.fr\/wp-content\/uploads\/2025\/07\/20250516_181512-1024x473.jpg\" alt=\"\" class=\"wp-image-7090\" srcset=\"https:\/\/centresocial-horizon.fr\/wp-content\/uploads\/2025\/07\/20250516_181512-1024x473.jpg 1024w, https:\/\/centresocial-horizon.fr\/wp-content\/uploads\/2025\/07\/20250516_181512-300x139.jpg 300w, https:\/\/centresocial-horizon.fr\/wp-content\/uploads\/2025\/07\/20250516_181512-768x355.jpg 768w, https:\/\/centresocial-horizon.fr\/wp-content\/uploads\/2025\/07\/20250516_181512-600x277.jpg 600w, https:\/\/centresocial-horizon.fr\/wp-content\/uploads\/2025\/07\/20250516_181512-1536x710.jpg 1536w, https:\/\/centresocial-horizon.fr\/wp-content\/uploads\/2025\/07\/20250516_181512-2048x946.jpg 2048w\" sizes=\"auto, (max-width: 1024px) 100vw, 1024px\" \/><\/a><\/figure>\n\n\n\n<figure class=\"wp-block-image size-large\"><a href=\"https:\/\/centresocial-horizon.fr\/wp-content\/uploads\/2025\/07\/IMG_8952-scaled.jpg\"><img loading=\"lazy\" decoding=\"async\" width=\"1024\" height=\"683\" src=\"https:\/\/centresocial-horizon.fr\/wp-content\/uploads\/2025\/07\/IMG_8952-1024x683.jpg\" alt=\"\" class=\"wp-image-7092\" srcset=\"https:\/\/centresocial-horizon.fr\/wp-content\/uploads\/2025\/07\/IMG_8952-1024x683.jpg 1024w, https:\/\/centresocial-horizon.fr\/wp-content\/uploads\/2025\/07\/IMG_8952-300x200.jpg 300w, https:\/\/centresocial-horizon.fr\/wp-content\/uploads\/2025\/07\/IMG_8952-768x512.jpg 768w, https:\/\/centresocial-horizon.fr\/wp-content\/uploads\/2025\/07\/IMG_8952-600x400.jpg 600w, https:\/\/centresocial-horizon.fr\/wp-content\/uploads\/2025\/07\/IMG_8952-1536x1024.jpg 1536w, https:\/\/centresocial-horizon.fr\/wp-content\/uploads\/2025\/07\/IMG_8952-2048x1365.jpg 2048w\" sizes=\"auto, (max-width: 1024px) 100vw, 1024px\" \/><\/a><\/figure>\n\n\n\n\n\n<p><\/p>\n","protected":false},"excerpt":{"rendered":"<p>L&rsquo;assembl\u00e9e g\u00e9n\u00e9rale ordinaire du Centre Social et Socioculturel Horizon se d\u00e9roulera le Vendredi 16 mai 2025 \u00e0 partir de 17h30 A l&rsquo;ordre du jour : L&rsquo;assembl\u00e9e g\u00e9n\u00e9rale 2025<\/p>\n","protected":false},"author":11,"featured_media":0,"parent":181,"menu_order":0,"comment_status":"open","ping_status":"open","template":"","meta":{"footnotes":""},"class_list":["post-314","page","type-page","status-publish","hentry"],"_links":{"self":[{"href":"https:\/\/centresocial-horizon.fr\/index.php?rest_route=\/wp\/v2\/pages\/314","targetHints":{"allow":["GET"]}}],"collection":[{"href":"https:\/\/centresocial-horizon.fr\/index.php?rest_route=\/wp\/v2\/pages"}],"about":[{"href":"https:\/\/centresocial-horizon.fr\/index.php?rest_route=\/wp\/v2\/types\/page"}],"author":[{"embeddable":true,"href":"https:\/\/centresocial-horizon.fr\/index.php?rest_route=\/wp\/v2\/users\/11"}],"replies":[{"embeddable":true,"href":"https:\/\/centresocial-horizon.fr\/index.php?rest_route=%2Fwp%2Fv2%2Fcomments&post=314"}],"version-history":[{"count":35,"href":"https:\/\/centresocial-horizon.fr\/index.php?rest_route=\/wp\/v2\/pages\/314\/revisions"}],"predecessor-version":[{"id":7102,"href":"https:\/\/centresocial-horizon.fr\/index.php?rest_route=\/wp\/v2\/pages\/314\/revisions\/7102"}],"up":[{"embeddable":true,"href":"https:\/\/centresocial-horizon.fr\/index.php?rest_route=\/wp\/v2\/pages\/181"}],"wp:attachment":[{"href":"https:\/\/centresocial-horizon.fr\/index.php?rest_route=%2Fwp%2Fv2%2Fmedia&parent=314"}],"curies":[{"name":"wp","href":"https:\/\/api.w.org\/{rel}","templated":true}]}}