{"id":236,"date":"2011-03-18T10:19:53","date_gmt":"2011-03-18T10:19:53","guid":{"rendered":"http:\/\/centresocial-horizon.fr\/?page_id=236"},"modified":"2011-03-18T10:19:53","modified_gmt":"2011-03-18T10:19:53","slug":"le-centre-social","status":"publish","type":"page","link":"https:\/\/centresocial-horizon.fr\/?page_id=236","title":{"rendered":"Le Centre Social"},"content":{"rendered":"<p><span style=\"color: #0000ff;\"><strong>Le Centre Social et socioculturel est :<\/strong><\/span><\/p>\n<ul>\n<li><span style=\"color: #0000ff;\">Un foyer d&rsquo;initiatives port\u00e9 par des habitants associ\u00e9s, appuy\u00e9s par des professionnels. Ils sont capables de d\u00e9finir et mettre en oeuvre un projet de d\u00e9veloppement social pour l&rsquo;ensemble de la population d&rsquo;un territoire.<\/span><\/li>\n<\/ul>\n<p><span style=\"color: #0000ff;\"><strong>Il a pour mission d&rsquo;\u00eatre :<\/strong><\/span><\/p>\n<ul>\n<li><span style=\"color: #0000ff;\">Un lieu d&rsquo;animation de la vie sociale d&rsquo;un quartier<\/span><\/li>\n<li><span style=\"color: #0000ff;\">Un \u00e9quipement \u00e0 vocation sociale globale<\/span><\/li>\n<li><span style=\"color: #0000ff;\">Un \u00e9quipement \u00a0\u00e0 vocation familiale et plurig\u00e9n\u00e9rationnelle<\/span><\/li>\n<li><span style=\"color: #0000ff;\">Un lieu d&rsquo;intervention sociales concert\u00e9es et novatrices<\/span><\/li>\n<\/ul>\n<p><span style=\"color: #0000ff;\"><strong>Le Centre Social et Socioculturel Horizon :<\/strong><\/span><\/p>\n<p><span style=\"color: #0000ff;\">Le Centre Social et Socioculturel Horizon est un lieu d&rsquo;animation sociale et culturelle ouvert \u00e0 toutes et \u00e0 tous et plus particuli\u00e8rement aux habitants des quartiers Colline, Girardi\u00e8re, Clairefontaine, Villeneuve, Chambord et Turbaudi\u00e8res.<\/span><\/p>\n<p><span style=\"color: #0000ff;\">Le Centre Social est une association r\u00e9gie par la loi de 1901. Elle est compos\u00e9e de b\u00e9n\u00e9voles (habitants du quartier ou usagers du Centre Social) qui ont souhait\u00e9 devenir acteurs de son fonctionnement et de sa gestion.<\/span><\/p>\n<p><span style=\"color: #0000ff;\"> <\/span><\/p>\n","protected":false},"excerpt":{"rendered":"<p>Le Centre Social et socioculturel est : Un foyer d&rsquo;initiatives port\u00e9 par des habitants associ\u00e9s, appuy\u00e9s par des professionnels. Ils sont capables de d\u00e9finir et mettre en oeuvre un projet de d\u00e9veloppement social pour&#46;&#46;&#46;<\/p>\n","protected":false},"author":11,"featured_media":0,"parent":0,"menu_order":1,"comment_status":"open","ping_status":"open","template":"","meta":{"footnotes":""},"class_list":["post-236","page","type-page","status-publish","hentry"],"_links":{"self":[{"href":"https:\/\/centresocial-horizon.fr\/index.php?rest_route=\/wp\/v2\/pages\/236","targetHints":{"allow":["GET"]}}],"collection":[{"href":"https:\/\/centresocial-horizon.fr\/index.php?rest_route=\/wp\/v2\/pages"}],"about":[{"href":"https:\/\/centresocial-horizon.fr\/index.php?rest_route=\/wp\/v2\/types\/page"}],"author":[{"embeddable":true,"href":"https:\/\/centresocial-horizon.fr\/index.php?rest_route=\/wp\/v2\/users\/11"}],"replies":[{"embeddable":true,"href":"https:\/\/centresocial-horizon.fr\/index.php?rest_route=%2Fwp%2Fv2%2Fcomments&post=236"}],"version-history":[{"count":1,"href":"https:\/\/centresocial-horizon.fr\/index.php?rest_route=\/wp\/v2\/pages\/236\/revisions"}],"predecessor-version":[{"id":1263,"href":"https:\/\/centresocial-horizon.fr\/index.php?rest_route=\/wp\/v2\/pages\/236\/revisions\/1263"}],"wp:attachment":[{"href":"https:\/\/centresocial-horizon.fr\/index.php?rest_route=%2Fwp%2Fv2%2Fmedia&parent=236"}],"curies":[{"name":"wp","href":"https:\/\/api.w.org\/{rel}","templated":true}]}}

<p><span style="color: #0000ff;"><strong>Le Centre Social et socioculturel est :</strong></span></p>
<ul>
<li><span style="color: #0000ff;">Un foyer d&rsquo;initiatives porté par des habitants associés, appuyés par des professionnels. Ils sont capables de définir et mettre en oeuvre un projet de développement social pour l&rsquo;ensemble de la population d&rsquo;un territoire.</span></li>
</ul>
<p><span style="color: #0000ff;"><strong>Il a pour mission d&rsquo;être :</strong></span></p>
<ul>
<li><span style="color: #0000ff;">Un lieu d&rsquo;animation de la vie sociale d&rsquo;un quartier</span></li>
<li><span style="color: #0000ff;">Un équipement à vocation sociale globale</span></li>
<li><span style="color: #0000ff;">Un équipement  à vocation familiale et plurigénérationnelle</span></li>
<li><span style="color: #0000ff;">Un lieu d&rsquo;intervention sociales concertées et novatrices</span></li>
</ul>
<p><span style="color: #0000ff;"><strong>Le Centre Social et Socioculturel Horizon :</strong></span></p>
<p><span style="color: #0000ff;">Le Centre Social et Socioculturel Horizon est un lieu d&rsquo;animation sociale et culturelle ouvert à toutes et à tous et plus particulièrement aux habitants des quartiers Colline, Girardière, Clairefontaine, Villeneuve, Chambord et Turbaudières.</span></p>
<p><span style="color: #0000ff;">Le Centre Social est une association régie par la loi de 1901. Elle est composée de bénévoles (habitants du quartier ou usagers du Centre Social) qui ont souhaité devenir acteurs de son fonctionnement et de sa gestion.</span></p>
<p><span style="color: #0000ff;"> </span></p>

<p>Le Centre Social et socioculturel est : Un foyer d&rsquo;initiatives porté par des habitants associés, appuyés par des professionnels. Ils sont capables de définir et mettre en oeuvre un projet de développement social pour&#46;&#46;&#46;</p>
