{"id":1955,"date":"2016-02-02T09:27:58","date_gmt":"2016-02-02T09:27:58","guid":{"rendered":"http:\/\/centresocial-horizon.fr\/?page_id=1955"},"modified":"2025-01-16T09:43:45","modified_gmt":"2025-01-16T08:43:45","slug":"repair-cafe","status":"publish","type":"page","link":"https:\/\/centresocial-horizon.fr\/?page_id=1955","title":{"rendered":"Association \u00ab\u00a0La ressource\u00a0\u00bb : Repair Caf\u00e9"},"content":{"rendered":"<p><a href=\"https:\/\/centresocial-horizon.fr\/wp-content\/uploads\/2018\/01\/logo-LA-RESSOURCE.png\"><img loading=\"lazy\" decoding=\"async\" class=\"aligncenter size-large wp-image-2532\" src=\"https:\/\/centresocial-horizon.fr\/wp-content\/uploads\/2018\/01\/logo-LA-RESSOURCE-1024x344.png\" alt=\"\" width=\"640\" height=\"215\" srcset=\"https:\/\/centresocial-horizon.fr\/wp-content\/uploads\/2018\/01\/logo-LA-RESSOURCE-1024x344.png 1024w, https:\/\/centresocial-horizon.fr\/wp-content\/uploads\/2018\/01\/logo-LA-RESSOURCE-300x101.png 300w, https:\/\/centresocial-horizon.fr\/wp-content\/uploads\/2018\/01\/logo-LA-RESSOURCE-768x258.png 768w\" sizes=\"auto, (max-width: 640px) 100vw, 640px\" \/><\/a><a href=\"https:\/\/centresocial-horizon.fr\/wp-content\/uploads\/2016\/02\/repair_cafe_metz.jpg\" rel=\"attachment wp-att-1956\"><img loading=\"lazy\" decoding=\"async\" class=\"aligncenter wp-image-1956\" src=\"https:\/\/centresocial-horizon.fr\/wp-content\/uploads\/2016\/02\/repair_cafe_metz-1024x349.jpg\" alt=\"repair_cafe_metz\" width=\"455\" height=\"155\" srcset=\"https:\/\/centresocial-horizon.fr\/wp-content\/uploads\/2016\/02\/repair_cafe_metz-1024x349.jpg 1024w, https:\/\/centresocial-horizon.fr\/wp-content\/uploads\/2016\/02\/repair_cafe_metz-300x102.jpg 300w, https:\/\/centresocial-horizon.fr\/wp-content\/uploads\/2016\/02\/repair_cafe_metz-768x261.jpg 768w, https:\/\/centresocial-horizon.fr\/wp-content\/uploads\/2016\/02\/repair_cafe_metz.jpg 2048w\" sizes=\"auto, (max-width: 455px) 100vw, 455px\" \/><\/a><\/p>\n<h2><a href=\"https:\/\/centresocial-horizon.fr\/wp-content\/uploads\/2016\/02\/logohorizonclean2.jpg\" rel=\"attachment wp-att-1962\">Partenaires<\/a><\/h2>\n<h2><a href=\"https:\/\/centresocial-horizon.fr\/wp-content\/uploads\/2016\/02\/700px-Biocoop_logo.svg_.png\" rel=\"attachment wp-att-1960\"><img loading=\"lazy\" decoding=\"async\" class=\"wp-image-1960 alignleft\" src=\"https:\/\/centresocial-horizon.fr\/wp-content\/uploads\/2016\/02\/700px-Biocoop_logo.svg_-300x116.png\" alt=\"700px-Biocoop_logo.svg\" width=\"137\" height=\"53\" srcset=\"https:\/\/centresocial-horizon.fr\/wp-content\/uploads\/2016\/02\/700px-Biocoop_logo.svg_-300x116.png 300w, https:\/\/centresocial-horizon.fr\/wp-content\/uploads\/2016\/02\/700px-Biocoop_logo.svg_.png 700w\" sizes=\"auto, (max-width: 137px) 100vw, 137px\" \/><\/a><a href=\"https:\/\/centresocial-horizon.fr\/wp-content\/uploads\/2016\/02\/logohorizonclean2.jpg\" rel=\"attachment wp-att-1962\"><img loading=\"lazy\" decoding=\"async\" class=\"wp-image-1962 alignleft\" src=\"https:\/\/centresocial-horizon.fr\/wp-content\/uploads\/2016\/02\/logohorizonclean2-300x161.jpg\" alt=\"logohorizonclean2\" width=\"121\" height=\"65\" srcset=\"https:\/\/centresocial-horizon.fr\/wp-content\/uploads\/2016\/02\/logohorizonclean2-300x161.jpg 300w, https:\/\/centresocial-horizon.fr\/wp-content\/uploads\/2016\/02\/logohorizonclean2-768x413.jpg 768w, https:\/\/centresocial-horizon.fr\/wp-content\/uploads\/2016\/02\/logohorizonclean2.jpg 908w\" sizes=\"auto, (max-width: 121px) 100vw, 121px\" \/><\/a><\/h2>\n<p><a href=\"https:\/\/centresocial-horizon.fr\/wp-content\/uploads\/2018\/01\/adc_logo_quadri.jpg\"><img loading=\"lazy\" decoding=\"async\" class=\"wp-image-2528  alignleft\" src=\"https:\/\/centresocial-horizon.fr\/wp-content\/uploads\/2018\/01\/adc_logo_quadri-300x173.jpg\" alt=\"\" width=\"131\" height=\"76\" srcset=\"https:\/\/centresocial-horizon.fr\/wp-content\/uploads\/2018\/01\/adc_logo_quadri-300x173.jpg 300w, https:\/\/centresocial-horizon.fr\/wp-content\/uploads\/2018\/01\/adc_logo_quadri-768x444.jpg 768w, https:\/\/centresocial-horizon.fr\/wp-content\/uploads\/2018\/01\/adc_logo_quadri-1024x592.jpg 1024w, https:\/\/centresocial-horizon.fr\/wp-content\/uploads\/2018\/01\/adc_logo_quadri.jpg 1264w\" sizes=\"auto, (max-width: 131px) 100vw, 131px\" \/><\/a><\/p>\n<p>&nbsp;<\/p>\n<p>&nbsp;<\/p>\n<p>&nbsp;<\/p>\n<h4>Permanences Repair Caf\u00e9 le 3\u00e8me samedi du mois de 9h00 \u00e0 12h00 :<\/h4>\n<p>18 janvier 2025<\/p>\n<p>15 f\u00e9vrier 2025<\/p>\n<p>15 mars 2025<\/p>\n<p>19 avril 2025<\/p>\n<p>17 mai 2025<\/p>\n<p>21 juin 2025<\/p>\n<p>20 septembre 2025<\/p>\n<p>18 octobre 2025<\/p>\n<p>15 novembre 2025<\/p>\n<p>20 d\u00e9cembre 2025<\/p>\n<h4 style=\"text-align: left;\">\u00a0<\/h4>\n<h4 style=\"text-align: left;\"><strong>Pr\u00e9sentation du projet<\/strong><\/h4>\n<h4 style=\"text-align: center;\"><strong>\u00a0<\/strong><strong>Historique<\/strong><\/h4>\n<h4>Lors du salon r\u00e9gional de l&rsquo;\u00e9conomie et de la consommation participative initi\u00e9<\/h4>\n<h4>par Cit\u00e9 M\u00e9tisse en d\u00e9cembre 2014, des acteurs locaux et r\u00e9gionaux sont venus pr\u00e9senter leurs activit\u00e9s, leurs pratiques.<\/h4>\n<h4>L&rsquo;une d&rsquo;elle a retenue notre attention\u00a0: Repair Caf\u00e9 \u00e0 Chemill\u00e9<\/h4>\n<h4>Les \u00e9changes ont suscit\u00e9 notre curiosit\u00e9 et l\u2019int\u00e9r\u00eat d\u2019approfondir ce concept<\/h4>\n<h4>n\u00e9 aux Pays Bas \u00e0 l&rsquo;initiative de Martine Postma<\/h4>\n<h4><strong>Contexte \u00e9conomique et social<img loading=\"lazy\" decoding=\"async\" class=\"alignleft size-medium wp-image-1971\" src=\"https:\/\/centresocial-horizon.fr\/wp-content\/uploads\/2016\/02\/P1060171-225x300.jpg\" alt=\"P1060171\" width=\"225\" height=\"300\" srcset=\"https:\/\/centresocial-horizon.fr\/wp-content\/uploads\/2016\/02\/P1060171-225x300.jpg 225w, https:\/\/centresocial-horizon.fr\/wp-content\/uploads\/2016\/02\/P1060171-768x1024.jpg 768w, https:\/\/centresocial-horizon.fr\/wp-content\/uploads\/2016\/02\/P1060171.jpg 1920w\" sizes=\"auto, (max-width: 225px) 100vw, 225px\" \/><\/strong><\/h4>\n<ul>\n<li>\n<h4>Nous jetons \u00e9norm\u00e9ment ce qui est \u00e0 peine ab\u00eem\u00e9 ou, qui souvent n\u00e9cessite une simple r\u00e9paration.<\/h4>\n<\/li>\n<li>\n<h4>Pour beaucoup, r\u00e9parer n&rsquo;est plus une chose normale.<\/h4>\n<\/li>\n<li>\n<h4>Ceux et celles qui poss\u00e8dent encore des connaissances pratiques ne sont pas toujours appr\u00e9ci\u00e9s \u00e0 leur juste valeur.<\/h4>\n<\/li>\n<li>\n<h4>Pour certains, le budget est de plus en plus serr\u00e9.<\/h4>\n<\/li>\n<li>\n<h4>Des consommateurs recherchent des nouvelles pratiques&#8230;<\/h4>\n<\/li>\n<\/ul>\n<h4><strong>\u00a0<\/strong><strong>Dans la vie quotidienne<\/strong><\/h4>\n<h4>Nous sommes confront\u00e9s \u00e0 des situations et des interrogations\u00a0:<\/h4>\n<h4>Que faire d&rsquo;une chaise aux pieds branlants\u00a0? D&rsquo;un grille-pain en panne\u00a0? D&rsquo;un v\u00eatement d\u00e9chir\u00e9\u00a0? D&rsquo;un v\u00e9lo en mauvais \u00e9tat ?,,,<\/h4>\n<h4>Et bien d&rsquo;autres situations que nous rencontrons dans notre quotidien.<\/h4>\n<h4><u>Jeter\u00a0? Pas question\u00a0! On les remet en \u00e9tat au Repair Caf\u00e9<\/u><\/h4>\n<h4><strong>\u00a0<\/strong><strong>Le concept Repair Caf\u00e9<img loading=\"lazy\" decoding=\"async\" class=\"alignleft size-medium wp-image-1967\" src=\"https:\/\/centresocial-horizon.fr\/wp-content\/uploads\/2016\/02\/C360_2015-11-21-10-57-55-504-225x300.jpg\" alt=\"C360_2015-11-21-10-57-55-504\" width=\"225\" height=\"300\" srcset=\"https:\/\/centresocial-horizon.fr\/wp-content\/uploads\/2016\/02\/C360_2015-11-21-10-57-55-504-225x300.jpg 225w, https:\/\/centresocial-horizon.fr\/wp-content\/uploads\/2016\/02\/C360_2015-11-21-10-57-55-504-768x1024.jpg 768w, https:\/\/centresocial-horizon.fr\/wp-content\/uploads\/2016\/02\/C360_2015-11-21-10-57-55-504.jpg 1944w\" sizes=\"auto, (max-width: 225px) 100vw, 225px\" \/><\/strong><\/h4>\n<ul>\n<li>\n<h4>Un espace ludique, convivial, et gratifiant pour des r\u00e9parations souvent simples.<\/h4>\n<\/li>\n<li>\n<h4>Un pr\u00e9cieux savoir faire qui se partage.<\/h4>\n<\/li>\n<li>\n<h4>Une d\u00e9marche qui favorise un changement de pratique de consommation.<\/h4>\n<\/li>\n<li>\n<h4>Qui n&rsquo;a rien \u00e0 r\u00e9parer peut venir \u00e9changer, transmettre ses connaissances&#8230;<\/h4>\n<\/li>\n<li>\n<h4><u>On apporte un objet cass\u00e9 ou en panne<\/u><\/h4>\n<\/li>\n<li>\n<h4><u>On se met \u00e0 l&rsquo;ouvrage avec les conseils d&rsquo;un expert<\/u><\/h4>\n<\/li>\n<\/ul>\n<h4><strong>\u00a0<\/strong>C&rsquo;est sur ces bases que les initiateurs <strong>Prim&rsquo;vert et Fisel<\/strong> en collaboration avec le Centre social Horizon, la Biocoop de Cholet, font le pari de lancer un <strong>Repair Caf\u00e9 <\/strong><\/h4>\n<h4><strong>\u00a0<\/strong><strong>\u00a0<\/strong><strong>Nous souhaitons\u00a0:<\/strong><\/h4>\n<ul>\n<li>\n<h4>qu&rsquo;il repose sur un large <strong>partage des connaissances <\/strong><\/h4>\n<\/li>\n<li>\n<h4>qu&rsquo;il se concr\u00e9tise par <strong>un large partenariat entre individus, associations, collectivit\u00e9s&#8230;<\/strong><\/h4>\n<\/li>\n<li>\n<h4>qu\u2019il soit ouvert \u00e0 tous et \u00a0gratuit<\/h4>\n<\/li>\n<li>\n<h4>qu\u2019ensemble, nous y partageons nos connaissances<\/h4>\n<\/li>\n<li>\n<h4>que nous fassions vivre ce lieu de rencontres et de convivialit\u00e9<\/h4>\n<\/li>\n<\/ul>\n<h4><strong>2 \u2013 Les moyens humains<img loading=\"lazy\" decoding=\"async\" class=\"alignleft size-medium wp-image-1970\" src=\"https:\/\/centresocial-horizon.fr\/wp-content\/uploads\/2016\/02\/P1060165-300x225.jpg\" alt=\"P1060165\" width=\"300\" height=\"225\" srcset=\"https:\/\/centresocial-horizon.fr\/wp-content\/uploads\/2016\/02\/P1060165-300x225.jpg 300w, https:\/\/centresocial-horizon.fr\/wp-content\/uploads\/2016\/02\/P1060165-768x576.jpg 768w, https:\/\/centresocial-horizon.fr\/wp-content\/uploads\/2016\/02\/P1060165-1024x768.jpg 1024w\" sizes=\"auto, (max-width: 300px) 100vw, 300px\" \/><\/strong><\/h4>\n<h4><strong>\u00a0<\/strong>Actuellement 40 personnes se sont inscrites comme b\u00e9n\u00e9voles pour le fonctionnement d&rsquo;un Repair Caf\u00e9 \u00e0 Cholet,<\/h4>\n<ul>\n<li>\n<h4>Pour l&rsquo;accueil<\/h4>\n<\/li>\n<li>\n<h4>Pour les ateliers de r\u00e9parations<\/h4>\n<\/li>\n<li>\n<h4>Pour le suivi et la coordination<\/h4>\n<\/li>\n<\/ul>\n<h4>Nous sommes en mesure de mettre en place les ateliers de r\u00e9parations suivants\u00a0:<\/h4>\n<ul>\n<li>\n<h4>Appareils \u00e9lectriques<img loading=\"lazy\" decoding=\"async\" class=\"alignleft size-medium wp-image-1969\" src=\"https:\/\/centresocial-horizon.fr\/wp-content\/uploads\/2016\/02\/P1060168-225x300.jpg\" alt=\"P1060168\" width=\"225\" height=\"300\" srcset=\"https:\/\/centresocial-horizon.fr\/wp-content\/uploads\/2016\/02\/P1060168-225x300.jpg 225w, https:\/\/centresocial-horizon.fr\/wp-content\/uploads\/2016\/02\/P1060168-768x1024.jpg 768w, https:\/\/centresocial-horizon.fr\/wp-content\/uploads\/2016\/02\/P1060168.jpg 1920w\" sizes=\"auto, (max-width: 225px) 100vw, 225px\" \/><\/h4>\n<\/li>\n<li>\n<h4>Informatique<\/h4>\n<\/li>\n<li>\n<h4>Couture<\/h4>\n<\/li>\n<li>\n<h4>Bois<\/h4>\n<\/li>\n<li>\n<h4>V\u00e9los<\/h4>\n<\/li>\n<\/ul>\n<h4><strong>3 \u2013 Les moyens mat\u00e9riels<\/strong><\/h4>\n<h4><strong>\u00a0<\/strong>Les locaux sont mis \u00e0 disposition par le centre social Horizon, Ce sont ceux de \u00ab\u00a0l&rsquo;Espace Ados\u00a0\u00bb, situ\u00e9s \u00e0 proximit\u00e9 de l&rsquo;\u00e9cole de la Girardi\u00e8re au bout de l&rsquo;All\u00e9e des Vanneaux.<\/h4>\n<h4><u>L&rsquo;espace ados n&rsquo;est pas utilis\u00e9 le samedi matin : il reste disponible pour accueillir l&rsquo;activit\u00e9 Repair Caf\u00e9<img loading=\"lazy\" decoding=\"async\" class=\"alignleft size-medium wp-image-1974\" src=\"https:\/\/centresocial-horizon.fr\/wp-content\/uploads\/2016\/02\/C360_2015-11-21-10-56-52-890-300x225.jpg\" alt=\"C360_2015-11-21-10-56-52-890\" width=\"300\" height=\"225\" srcset=\"https:\/\/centresocial-horizon.fr\/wp-content\/uploads\/2016\/02\/C360_2015-11-21-10-56-52-890-300x225.jpg 300w, https:\/\/centresocial-horizon.fr\/wp-content\/uploads\/2016\/02\/C360_2015-11-21-10-56-52-890-768x576.jpg 768w, https:\/\/centresocial-horizon.fr\/wp-content\/uploads\/2016\/02\/C360_2015-11-21-10-56-52-890-1024x768.jpg 1024w\" sizes=\"auto, (max-width: 300px) 100vw, 300px\" \/><\/u><\/h4>\n<h2>&#8211; Les locaux sont situ\u00e9s dans un endroit clos (ferm\u00e9 par un portail) qui permet d&rsquo;accueillir en toute s\u00e9curit\u00e9 les enfants qui pourraient accompagner leurs parents. Un espace herbeux peut leur permettre de s&rsquo;\u00e9battre tranquillement.<\/h2>\n<h6>&#8211; Le stationnement est possible dans la cour devant le b\u00e2timent pour d\u00e9charger du mat\u00e9riel.<\/h6>\n<h6>&#8211; La salle \u00ab\u00a0Accueil d\u00e9tente\u00a0\u00bb dispose d&rsquo;une rampe d&rsquo;acc\u00e8s pour les personnes \u00e0 mobilit\u00e9<br \/>r\u00e9duite. Il est possible d&rsquo;y rouler des petits chariots.<\/h6>\n<h6>&#8211; Les deux salles Accueil-d\u00e9tente et Salle de billard sont \u00e9quip\u00e9es de larges baies vitr\u00e9es qui distribuent beaucoup de lumi\u00e8re.<\/h6>\n<h2 style=\"text-align: center;\"><a href=\"https:\/\/centresocial-horizon.fr\/wp-content\/uploads\/2016\/02\/P1060165.jpg\" rel=\"attachment wp-att-1970\">\u00a0<\/a><\/h2>\n\n\n<p><\/p>\n","protected":false},"excerpt":{"rendered":"<p>Partenaires &nbsp; &nbsp; &nbsp; Permanences Repair Caf\u00e9 le 3\u00e8me samedi du mois de 9h00 \u00e0 12h00 : 18 janvier 2025 15 f\u00e9vrier 2025 15 mars 2025 19 avril 2025 17 mai 2025 21 juin&#46;&#46;&#46;<\/p>\n","protected":false},"author":11,"featured_media":0,"parent":0,"menu_order":0,"comment_status":"closed","ping_status":"closed","template":"","meta":{"footnotes":""},"class_list":["post-1955","page","type-page","status-publish","hentry"],"_links":{"self":[{"href":"https:\/\/centresocial-horizon.fr\/index.php?rest_route=\/wp\/v2\/pages\/1955","targetHints":{"allow":["GET"]}}],"collection":[{"href":"https:\/\/centresocial-horizon.fr\/index.php?rest_route=\/wp\/v2\/pages"}],"about":[{"href":"https:\/\/centresocial-horizon.fr\/index.php?rest_route=\/wp\/v2\/types\/page"}],"author":[{"embeddable":true,"href":"https:\/\/centresocial-horizon.fr\/index.php?rest_route=\/wp\/v2\/users\/11"}],"replies":[{"embeddable":true,"href":"https:\/\/centresocial-horizon.fr\/index.php?rest_route=%2Fwp%2Fv2%2Fcomments&post=1955"}],"version-history":[{"count":29,"href":"https:\/\/centresocial-horizon.fr\/index.php?rest_route=\/wp\/v2\/pages\/1955\/revisions"}],"predecessor-version":[{"id":6744,"href":"https:\/\/centresocial-horizon.fr\/index.php?rest_route=\/wp\/v2\/pages\/1955\/revisions\/6744"}],"wp:attachment":[{"href":"https:\/\/centresocial-horizon.fr\/index.php?rest_route=%2Fwp%2Fv2%2Fmedia&parent=1955"}],"curies":[{"name":"wp","href":"https:\/\/api.w.org\/{rel}","templated":true}]}}