{"id":185,"date":"2011-03-18T09:50:07","date_gmt":"2011-03-18T09:50:07","guid":{"rendered":"http:\/\/centresocial-horizon.fr\/?page_id=185"},"modified":"2025-07-04T11:35:28","modified_gmt":"2025-07-04T09:35:28","slug":"le-conseil-dadministration","status":"publish","type":"page","link":"https:\/\/centresocial-horizon.fr\/?page_id=185","title":{"rendered":"Le Conseil d&rsquo;Administration 2025\/2026"},"content":{"rendered":"<p><span style=\"color: #0000ff;\">Repr\u00e9sentants des usagers<\/span><\/p>\n<p><span style=\"color: #0000ff;\">Pr\u00e9sidente : Mme Chantal MELIN<\/span><\/p>\n<p><span style=\"color: #0000ff;\">Vice Pr\u00e9sidente : Mme Fabienne DELATTRE<\/span><\/p>\n<p><span style=\"color: #0000ff;\">Tr\u00e9sorier : Commission financi\u00e8re repr\u00e9sent\u00e9e par Mr Michel RIAZUELO<br \/>\n<\/span><\/p>\n<p><span style=\"color: #0000ff;\">Secr\u00e9taire :\u00a0 Mr Guy RAMBAUD<\/span><\/p>\n<p><span style=\"color: #0000ff;\">Secr\u00e9taire adjointe : Mme Elisabeth TRICOIRE<\/span><\/p>\n<p><span style=\"color: #0000ff;\">Membres : Gis\u00e8le BOR\u00c9, Mr Jean-Pierre DESPALINS, Mme Nicole FRAPPIER, Mme Colette COLIN,\u00a0 Mme <\/span><span style=\"color: #0000ff;\">Maryl\u00e8ne COIFFARD, Mme Brigitte CHAUVIRE-ROY, Mme Marie BOULLAIS.<\/span><\/p>\n<p><span style=\"color: #0000ff;\">Ville de CHOLET : Mr Aur\u00e9lien DURAND (titulaire) et Mme Maya JARADE (suppl\u00e9ante)<\/span><\/p>\n<p><span style=\"color: #0000ff;\">Cholet agglom\u00e9ration : Mr Ammar HADJI (titulaire) et <\/span><span style=\"color: #0000ff;\">Mr Sylvain SENECAILLE (suppl\u00e9ant)<\/span><\/p>\n<p><span style=\"color: #0000ff;\">\u00a0<\/span><\/p>\n","protected":false},"excerpt":{"rendered":"<p>Repr\u00e9sentants des usagers Pr\u00e9sidente : Mme Chantal MELIN Vice Pr\u00e9sidente : Mme Fabienne DELATTRE Tr\u00e9sorier : Commission financi\u00e8re repr\u00e9sent\u00e9e par Mr Michel RIAZUELO Secr\u00e9taire :\u00a0 Mr Guy RAMBAUD Secr\u00e9taire adjointe : Mme Elisabeth TRICOIRE&#46;&#46;&#46;<\/p>\n","protected":false},"author":11,"featured_media":0,"parent":181,"menu_order":0,"comment_status":"open","ping_status":"open","template":"","meta":{"footnotes":""},"class_list":["post-185","page","type-page","status-publish","hentry"],"_links":{"self":[{"href":"https:\/\/centresocial-horizon.fr\/index.php?rest_route=\/wp\/v2\/pages\/185","targetHints":{"allow":["GET"]}}],"collection":[{"href":"https:\/\/centresocial-horizon.fr\/index.php?rest_route=\/wp\/v2\/pages"}],"about":[{"href":"https:\/\/centresocial-horizon.fr\/index.php?rest_route=\/wp\/v2\/types\/page"}],"author":[{"embeddable":true,"href":"https:\/\/centresocial-horizon.fr\/index.php?rest_route=\/wp\/v2\/users\/11"}],"replies":[{"embeddable":true,"href":"https:\/\/centresocial-horizon.fr\/index.php?rest_route=%2Fwp%2Fv2%2Fcomments&post=185"}],"version-history":[{"count":27,"href":"https:\/\/centresocial-horizon.fr\/index.php?rest_route=\/wp\/v2\/pages\/185\/revisions"}],"predecessor-version":[{"id":7104,"href":"https:\/\/centresocial-horizon.fr\/index.php?rest_route=\/wp\/v2\/pages\/185\/revisions\/7104"}],"up":[{"embeddable":true,"href":"https:\/\/centresocial-horizon.fr\/index.php?rest_route=\/wp\/v2\/pages\/181"}],"wp:attachment":[{"href":"https:\/\/centresocial-horizon.fr\/index.php?rest_route=%2Fwp%2Fv2%2Fmedia&parent=185"}],"curies":[{"name":"wp","href":"https:\/\/api.w.org\/{rel}","templated":true}]}}

<p><span style="color: #0000ff;">Représentants des usagers</span></p>
<p><span style="color: #0000ff;">Présidente : Mme Chantal MELIN</span></p>
<p><span style="color: #0000ff;">Vice Présidente : Mme Fabienne DELATTRE</span></p>
<p><span style="color: #0000ff;">Trésorier : Commission financière représentée par Mr Michel RIAZUELO<br />
</span></p>
<p><span style="color: #0000ff;">Secrétaire :  Mr Guy RAMBAUD</span></p>
<p><span style="color: #0000ff;">Secrétaire adjointe : Mme Elisabeth TRICOIRE</span></p>
<p><span style="color: #0000ff;">Membres : Gisèle BORÉ, Mr Jean-Pierre DESPALINS, Mme Nicole FRAPPIER, Mme Colette COLIN,  Mme </span><span style="color: #0000ff;">Marylène COIFFARD, Mme Brigitte CHAUVIRE-ROY, Mme Marie BOULLAIS.</span></p>
<p><span style="color: #0000ff;">Ville de CHOLET : Mr Aurélien DURAND (titulaire) et Mme Maya JARADE (suppléante)</span></p>
<p><span style="color: #0000ff;">Cholet agglomération : Mr Ammar HADJI (titulaire) et </span><span style="color: #0000ff;">Mr Sylvain SENECAILLE (suppléant)</span></p>
<p><span style="color: #0000ff;"> </span></p>

<p>Représentants des usagers Présidente : Mme Chantal MELIN Vice Présidente : Mme Fabienne DELATTRE Trésorier : Commission financière représentée par Mr Michel RIAZUELO Secrétaire :  Mr Guy RAMBAUD Secrétaire adjointe : Mme Elisabeth TRICOIRE&#46;&#46;&#46;</p>
