{"id":1429,"date":"2014-07-08T09:11:00","date_gmt":"2014-07-08T09:11:00","guid":{"rendered":"http:\/\/centresocial-horizon.fr\/?page_id=1429"},"modified":"2026-01-22T09:27:15","modified_gmt":"2026-01-22T08:27:15","slug":"animation-de-proximite","status":"publish","type":"page","link":"https:\/\/centresocial-horizon.fr\/?page_id=1429","title":{"rendered":"Animation de proximit\u00e9 \u00e9t\u00e9 2026"},"content":{"rendered":"\n<p>Programme en cours<\/p>\n\n\n<h2 style=\"text-align: center;\"><span style=\"color: #0000ff;\">De juillet \u00e0 fin ao\u00fbt, les animateurs du centre social vous proposent des animations de proximit\u00e9 pour toute la famille, sur le parc de la Girardi\u00e8re et \u00e0 la plaine Olympique \u00e0 Villeneuve.<br \/><\/span><\/h2>\n<h2 style=\"text-align: center;\"><span style=\"color: #0000ff;\">A partir du &#8230;.. 2026 !<\/span><\/h2>\n<h2 style=\"text-align: center;\"><span style=\"color: #0000ff;\">\u00a0<\/span><\/h2>\n\n\n<figure class=\"wp-block-image size-large\"><a href=\"https:\/\/centresocial-horizon.fr\/wp-content\/uploads\/2024\/05\/IMG_1620-scaled.jpg\"><img loading=\"lazy\" decoding=\"async\" width=\"1024\" height=\"768\" src=\"https:\/\/centresocial-horizon.fr\/wp-content\/uploads\/2024\/05\/IMG_1620-1024x768.jpg\" alt=\"\" class=\"wp-image-6130\" srcset=\"https:\/\/centresocial-horizon.fr\/wp-content\/uploads\/2024\/05\/IMG_1620-1024x768.jpg 1024w, https:\/\/centresocial-horizon.fr\/wp-content\/uploads\/2024\/05\/IMG_1620-300x225.jpg 300w, https:\/\/centresocial-horizon.fr\/wp-content\/uploads\/2024\/05\/IMG_1620-768x576.jpg 768w, https:\/\/centresocial-horizon.fr\/wp-content\/uploads\/2024\/05\/IMG_1620-600x450.jpg 600w, https:\/\/centresocial-horizon.fr\/wp-content\/uploads\/2024\/05\/IMG_1620-1536x1152.jpg 1536w, https:\/\/centresocial-horizon.fr\/wp-content\/uploads\/2024\/05\/IMG_1620-2048x1536.jpg 2048w\" sizes=\"auto, (max-width: 1024px) 100vw, 1024px\" \/><\/a><\/figure>\n\n\n\n<figure class=\"wp-block-image size-large\"><a href=\"https:\/\/centresocial-horizon.fr\/wp-content\/uploads\/2024\/05\/17a3fedb-6c8f-4f3c-b96e-fa25448f7298.jpg\"><img loading=\"lazy\" decoding=\"async\" width=\"577\" height=\"1024\" src=\"https:\/\/centresocial-horizon.fr\/wp-content\/uploads\/2024\/05\/17a3fedb-6c8f-4f3c-b96e-fa25448f7298-577x1024.jpg\" alt=\"\" class=\"wp-image-6132\" srcset=\"https:\/\/centresocial-horizon.fr\/wp-content\/uploads\/2024\/05\/17a3fedb-6c8f-4f3c-b96e-fa25448f7298-577x1024.jpg 577w, https:\/\/centresocial-horizon.fr\/wp-content\/uploads\/2024\/05\/17a3fedb-6c8f-4f3c-b96e-fa25448f7298-169x300.jpg 169w, https:\/\/centresocial-horizon.fr\/wp-content\/uploads\/2024\/05\/17a3fedb-6c8f-4f3c-b96e-fa25448f7298-768x1362.jpg 768w, https:\/\/centresocial-horizon.fr\/wp-content\/uploads\/2024\/05\/17a3fedb-6c8f-4f3c-b96e-fa25448f7298-600x1064.jpg 600w, https:\/\/centresocial-horizon.fr\/wp-content\/uploads\/2024\/05\/17a3fedb-6c8f-4f3c-b96e-fa25448f7298-866x1536.jpg 866w, https:\/\/centresocial-horizon.fr\/wp-content\/uploads\/2024\/05\/17a3fedb-6c8f-4f3c-b96e-fa25448f7298.jpg 902w\" sizes=\"auto, (max-width: 577px) 100vw, 577px\" \/><\/a><\/figure>\n\n\n\n<p><\/p>\n\n\n\n<figure class=\"wp-block-gallery has-nested-images columns-3 is-cropped wp-block-gallery-1 is-layout-flex wp-block-gallery-is-layout-flex\">\n<figure class=\"wp-block-image size-large\"><img loading=\"lazy\" decoding=\"async\" width=\"1024\" height=\"768\" data-id=\"5810\" src=\"https:\/\/centresocial-horizon.fr\/wp-content\/uploads\/2023\/12\/anim-prox_10-07-23_02-1024x768.jpg\" alt=\"\" class=\"wp-image-5810\" srcset=\"https:\/\/centresocial-horizon.fr\/wp-content\/uploads\/2023\/12\/anim-prox_10-07-23_02-1024x768.jpg 1024w, https:\/\/centresocial-horizon.fr\/wp-content\/uploads\/2023\/12\/anim-prox_10-07-23_02-300x225.jpg 300w, https:\/\/centresocial-horizon.fr\/wp-content\/uploads\/2023\/12\/anim-prox_10-07-23_02-768x576.jpg 768w, https:\/\/centresocial-horizon.fr\/wp-content\/uploads\/2023\/12\/anim-prox_10-07-23_02-600x450.jpg 600w, https:\/\/centresocial-horizon.fr\/wp-content\/uploads\/2023\/12\/anim-prox_10-07-23_02-1536x1152.jpg 1536w, https:\/\/centresocial-horizon.fr\/wp-content\/uploads\/2023\/12\/anim-prox_10-07-23_02.jpg 2048w\" sizes=\"auto, (max-width: 1024px) 100vw, 1024px\" \/><\/figure>\n\n\n\n<figure class=\"wp-block-image size-large\"><img loading=\"lazy\" decoding=\"async\" width=\"768\" height=\"1024\" data-id=\"5811\" src=\"https:\/\/centresocial-horizon.fr\/wp-content\/uploads\/2023\/12\/anim-prox_11-07-23_03-768x1024.jpg\" alt=\"\" class=\"wp-image-5811\" srcset=\"https:\/\/centresocial-horizon.fr\/wp-content\/uploads\/2023\/12\/anim-prox_11-07-23_03-768x1024.jpg 768w, https:\/\/centresocial-horizon.fr\/wp-content\/uploads\/2023\/12\/anim-prox_11-07-23_03-225x300.jpg 225w, https:\/\/centresocial-horizon.fr\/wp-content\/uploads\/2023\/12\/anim-prox_11-07-23_03-600x800.jpg 600w, https:\/\/centresocial-horizon.fr\/wp-content\/uploads\/2023\/12\/anim-prox_11-07-23_03-1152x1536.jpg 1152w, https:\/\/centresocial-horizon.fr\/wp-content\/uploads\/2023\/12\/anim-prox_11-07-23_03.jpg 1536w\" sizes=\"auto, (max-width: 768px) 100vw, 768px\" \/><\/figure>\n\n\n\n<figure class=\"wp-block-image size-large\"><img loading=\"lazy\" decoding=\"async\" width=\"1024\" height=\"461\" data-id=\"5812\" src=\"https:\/\/centresocial-horizon.fr\/wp-content\/uploads\/2023\/12\/anim-prox_11-07-23_13-1024x461.jpg\" alt=\"\" class=\"wp-image-5812\" srcset=\"https:\/\/centresocial-horizon.fr\/wp-content\/uploads\/2023\/12\/anim-prox_11-07-23_13-1024x461.jpg 1024w, https:\/\/centresocial-horizon.fr\/wp-content\/uploads\/2023\/12\/anim-prox_11-07-23_13-300x135.jpg 300w, https:\/\/centresocial-horizon.fr\/wp-content\/uploads\/2023\/12\/anim-prox_11-07-23_13-768x346.jpg 768w, https:\/\/centresocial-horizon.fr\/wp-content\/uploads\/2023\/12\/anim-prox_11-07-23_13-600x270.jpg 600w, https:\/\/centresocial-horizon.fr\/wp-content\/uploads\/2023\/12\/anim-prox_11-07-23_13-1536x692.jpg 1536w, https:\/\/centresocial-horizon.fr\/wp-content\/uploads\/2023\/12\/anim-prox_11-07-23_13.jpg 1600w\" sizes=\"auto, (max-width: 1024px) 100vw, 1024px\" \/><\/figure>\n\n\n\n<figure class=\"wp-block-image size-large\"><img loading=\"lazy\" decoding=\"async\" width=\"940\" height=\"626\" data-id=\"5813\" src=\"https:\/\/centresocial-horizon.fr\/wp-content\/uploads\/2023\/12\/anim-prox_20-07-23_003.jpg\" alt=\"\" class=\"wp-image-5813\" srcset=\"https:\/\/centresocial-horizon.fr\/wp-content\/uploads\/2023\/12\/anim-prox_20-07-23_003.jpg 940w, https:\/\/centresocial-horizon.fr\/wp-content\/uploads\/2023\/12\/anim-prox_20-07-23_003-300x200.jpg 300w, https:\/\/centresocial-horizon.fr\/wp-content\/uploads\/2023\/12\/anim-prox_20-07-23_003-768x511.jpg 768w, https:\/\/centresocial-horizon.fr\/wp-content\/uploads\/2023\/12\/anim-prox_20-07-23_003-600x400.jpg 600w\" sizes=\"auto, (max-width: 940px) 100vw, 940px\" \/><\/figure>\n\n\n\n<figure class=\"wp-block-image size-large\"><img loading=\"lazy\" decoding=\"async\" width=\"1024\" height=\"768\" data-id=\"5814\" src=\"https:\/\/centresocial-horizon.fr\/wp-content\/uploads\/2023\/12\/anim-prox_27-07-2023_03-1024x768.jpg\" alt=\"\" class=\"wp-image-5814\" srcset=\"https:\/\/centresocial-horizon.fr\/wp-content\/uploads\/2023\/12\/anim-prox_27-07-2023_03-1024x768.jpg 1024w, https:\/\/centresocial-horizon.fr\/wp-content\/uploads\/2023\/12\/anim-prox_27-07-2023_03-300x225.jpg 300w, https:\/\/centresocial-horizon.fr\/wp-content\/uploads\/2023\/12\/anim-prox_27-07-2023_03-768x576.jpg 768w, https:\/\/centresocial-horizon.fr\/wp-content\/uploads\/2023\/12\/anim-prox_27-07-2023_03-600x450.jpg 600w, https:\/\/centresocial-horizon.fr\/wp-content\/uploads\/2023\/12\/anim-prox_27-07-2023_03-1536x1152.jpg 1536w, https:\/\/centresocial-horizon.fr\/wp-content\/uploads\/2023\/12\/anim-prox_27-07-2023_03.jpg 2048w\" sizes=\"auto, (max-width: 1024px) 100vw, 1024px\" \/><\/figure>\n\n\n\n<figure class=\"wp-block-image size-large\"><img loading=\"lazy\" decoding=\"async\" width=\"1024\" height=\"768\" data-id=\"5815\" src=\"https:\/\/centresocial-horizon.fr\/wp-content\/uploads\/2023\/12\/anim-prox_13-07-23_02-1024x768.jpg\" alt=\"\" class=\"wp-image-5815\" srcset=\"https:\/\/centresocial-horizon.fr\/wp-content\/uploads\/2023\/12\/anim-prox_13-07-23_02-1024x768.jpg 1024w, https:\/\/centresocial-horizon.fr\/wp-content\/uploads\/2023\/12\/anim-prox_13-07-23_02-300x225.jpg 300w, https:\/\/centresocial-horizon.fr\/wp-content\/uploads\/2023\/12\/anim-prox_13-07-23_02-768x576.jpg 768w, https:\/\/centresocial-horizon.fr\/wp-content\/uploads\/2023\/12\/anim-prox_13-07-23_02-600x450.jpg 600w, https:\/\/centresocial-horizon.fr\/wp-content\/uploads\/2023\/12\/anim-prox_13-07-23_02-1536x1152.jpg 1536w, https:\/\/centresocial-horizon.fr\/wp-content\/uploads\/2023\/12\/anim-prox_13-07-23_02.jpg 2048w\" sizes=\"auto, (max-width: 1024px) 100vw, 1024px\" \/><\/figure>\n<\/figure>\n","protected":false},"excerpt":{"rendered":"<p>Programme en cours De juillet \u00e0 fin ao\u00fbt, les animateurs du centre social vous proposent des animations de proximit\u00e9 pour toute la famille, sur le parc de la Girardi\u00e8re et \u00e0 la plaine Olympique&#46;&#46;&#46;<\/p>\n","protected":false},"author":11,"featured_media":0,"parent":162,"menu_order":3,"comment_status":"open","ping_status":"open","template":"","meta":{"footnotes":""},"class_list":["post-1429","page","type-page","status-publish","hentry"],"_links":{"self":[{"href":"https:\/\/centresocial-horizon.fr\/index.php?rest_route=\/wp\/v2\/pages\/1429","targetHints":{"allow":["GET"]}}],"collection":[{"href":"https:\/\/centresocial-horizon.fr\/index.php?rest_route=\/wp\/v2\/pages"}],"about":[{"href":"https:\/\/centresocial-horizon.fr\/index.php?rest_route=\/wp\/v2\/types\/page"}],"author":[{"embeddable":true,"href":"https:\/\/centresocial-horizon.fr\/index.php?rest_route=\/wp\/v2\/users\/11"}],"replies":[{"embeddable":true,"href":"https:\/\/centresocial-horizon.fr\/index.php?rest_route=%2Fwp%2Fv2%2Fcomments&post=1429"}],"version-history":[{"count":36,"href":"https:\/\/centresocial-horizon.fr\/index.php?rest_route=\/wp\/v2\/pages\/1429\/revisions"}],"predecessor-version":[{"id":7585,"href":"https:\/\/centresocial-horizon.fr\/index.php?rest_route=\/wp\/v2\/pages\/1429\/revisions\/7585"}],"up":[{"embeddable":true,"href":"https:\/\/centresocial-horizon.fr\/index.php?rest_route=\/wp\/v2\/pages\/162"}],"wp:attachment":[{"href":"https:\/\/centresocial-horizon.fr\/index.php?rest_route=%2Fwp%2Fv2%2Fmedia&parent=1429"}],"curies":[{"name":"wp","href":"https:\/\/api.w.org\/{rel}","templated":true}]}}

Animation de proximité été 2026

<p>Programme en cours</p>


<h2 style="text-align: center;"><span style="color: #0000ff;">De juillet à fin août, les animateurs du centre social vous proposent des animations de proximité pour toute la famille, sur le parc de la Girardière et à la plaine Olympique à Villeneuve.<br /></span></h2>
<h2 style="text-align: center;"><span style="color: #0000ff;">A partir du &#8230;.. 2026 !</span></h2>
<h2 style="text-align: center;"><span style="color: #0000ff;"> </span></h2>


<figure class="wp-block-image size-large"><a href="https://centresocial-horizon.fr/wp-content/uploads/2024/05/IMG_1620-scaled.jpg"><img loading="lazy" decoding="async" width="1024" height="768" src="https://centresocial-horizon.fr/wp-content/uploads/2024/05/IMG_1620-1024x768.jpg" alt="" class="wp-image-6130" srcset="https://centresocial-horizon.fr/wp-content/uploads/2024/05/IMG_1620-1024x768.jpg 1024w, https://centresocial-horizon.fr/wp-content/uploads/2024/05/IMG_1620-300x225.jpg 300w, https://centresocial-horizon.fr/wp-content/uploads/2024/05/IMG_1620-768x576.jpg 768w, https://centresocial-horizon.fr/wp-content/uploads/2024/05/IMG_1620-600x450.jpg 600w, https://centresocial-horizon.fr/wp-content/uploads/2024/05/IMG_1620-1536x1152.jpg 1536w, https://centresocial-horizon.fr/wp-content/uploads/2024/05/IMG_1620-2048x1536.jpg 2048w" sizes="auto, (max-width: 1024px) 100vw, 1024px" /></a></figure>



<figure class="wp-block-image size-large"><a href="https://centresocial-horizon.fr/wp-content/uploads/2024/05/17a3fedb-6c8f-4f3c-b96e-fa25448f7298.jpg"><img loading="lazy" decoding="async" width="577" height="1024" src="https://centresocial-horizon.fr/wp-content/uploads/2024/05/17a3fedb-6c8f-4f3c-b96e-fa25448f7298-577x1024.jpg" alt="" class="wp-image-6132" srcset="https://centresocial-horizon.fr/wp-content/uploads/2024/05/17a3fedb-6c8f-4f3c-b96e-fa25448f7298-577x1024.jpg 577w, https://centresocial-horizon.fr/wp-content/uploads/2024/05/17a3fedb-6c8f-4f3c-b96e-fa25448f7298-169x300.jpg 169w, https://centresocial-horizon.fr/wp-content/uploads/2024/05/17a3fedb-6c8f-4f3c-b96e-fa25448f7298-768x1362.jpg 768w, https://centresocial-horizon.fr/wp-content/uploads/2024/05/17a3fedb-6c8f-4f3c-b96e-fa25448f7298-600x1064.jpg 600w, https://centresocial-horizon.fr/wp-content/uploads/2024/05/17a3fedb-6c8f-4f3c-b96e-fa25448f7298-866x1536.jpg 866w, https://centresocial-horizon.fr/wp-content/uploads/2024/05/17a3fedb-6c8f-4f3c-b96e-fa25448f7298.jpg 902w" sizes="auto, (max-width: 577px) 100vw, 577px" /></a></figure>



<p></p>



<figure class="wp-block-gallery has-nested-images columns-3 is-cropped wp-block-gallery-1 is-layout-flex wp-block-gallery-is-layout-flex">
<figure class="wp-block-image size-large"><img loading="lazy" decoding="async" width="1024" height="768" data-id="5810" src="https://centresocial-horizon.fr/wp-content/uploads/2023/12/anim-prox_10-07-23_02-1024x768.jpg" alt="" class="wp-image-5810" srcset="https://centresocial-horizon.fr/wp-content/uploads/2023/12/anim-prox_10-07-23_02-1024x768.jpg 1024w, https://centresocial-horizon.fr/wp-content/uploads/2023/12/anim-prox_10-07-23_02-300x225.jpg 300w, https://centresocial-horizon.fr/wp-content/uploads/2023/12/anim-prox_10-07-23_02-768x576.jpg 768w, https://centresocial-horizon.fr/wp-content/uploads/2023/12/anim-prox_10-07-23_02-600x450.jpg 600w, https://centresocial-horizon.fr/wp-content/uploads/2023/12/anim-prox_10-07-23_02-1536x1152.jpg 1536w, https://centresocial-horizon.fr/wp-content/uploads/2023/12/anim-prox_10-07-23_02.jpg 2048w" sizes="auto, (max-width: 1024px) 100vw, 1024px" /></figure>



<figure class="wp-block-image size-large"><img loading="lazy" decoding="async" width="768" height="1024" data-id="5811" src="https://centresocial-horizon.fr/wp-content/uploads/2023/12/anim-prox_11-07-23_03-768x1024.jpg" alt="" class="wp-image-5811" srcset="https://centresocial-horizon.fr/wp-content/uploads/2023/12/anim-prox_11-07-23_03-768x1024.jpg 768w, https://centresocial-horizon.fr/wp-content/uploads/2023/12/anim-prox_11-07-23_03-225x300.jpg 225w, https://centresocial-horizon.fr/wp-content/uploads/2023/12/anim-prox_11-07-23_03-600x800.jpg 600w, https://centresocial-horizon.fr/wp-content/uploads/2023/12/anim-prox_11-07-23_03-1152x1536.jpg 1152w, https://centresocial-horizon.fr/wp-content/uploads/2023/12/anim-prox_11-07-23_03.jpg 1536w" sizes="auto, (max-width: 768px) 100vw, 768px" /></figure>



<figure class="wp-block-image size-large"><img loading="lazy" decoding="async" width="1024" height="461" data-id="5812" src="https://centresocial-horizon.fr/wp-content/uploads/2023/12/anim-prox_11-07-23_13-1024x461.jpg" alt="" class="wp-image-5812" srcset="https://centresocial-horizon.fr/wp-content/uploads/2023/12/anim-prox_11-07-23_13-1024x461.jpg 1024w, https://centresocial-horizon.fr/wp-content/uploads/2023/12/anim-prox_11-07-23_13-300x135.jpg 300w, https://centresocial-horizon.fr/wp-content/uploads/2023/12/anim-prox_11-07-23_13-768x346.jpg 768w, https://centresocial-horizon.fr/wp-content/uploads/2023/12/anim-prox_11-07-23_13-600x270.jpg 600w, https://centresocial-horizon.fr/wp-content/uploads/2023/12/anim-prox_11-07-23_13-1536x692.jpg 1536w, https://centresocial-horizon.fr/wp-content/uploads/2023/12/anim-prox_11-07-23_13.jpg 1600w" sizes="auto, (max-width: 1024px) 100vw, 1024px" /></figure>



<figure class="wp-block-image size-large"><img loading="lazy" decoding="async" width="940" height="626" data-id="5813" src="https://centresocial-horizon.fr/wp-content/uploads/2023/12/anim-prox_20-07-23_003.jpg" alt="" class="wp-image-5813" srcset="https://centresocial-horizon.fr/wp-content/uploads/2023/12/anim-prox_20-07-23_003.jpg 940w, https://centresocial-horizon.fr/wp-content/uploads/2023/12/anim-prox_20-07-23_003-300x200.jpg 300w, https://centresocial-horizon.fr/wp-content/uploads/2023/12/anim-prox_20-07-23_003-768x511.jpg 768w, https://centresocial-horizon.fr/wp-content/uploads/2023/12/anim-prox_20-07-23_003-600x400.jpg 600w" sizes="auto, (max-width: 940px) 100vw, 940px" /></figure>



<figure class="wp-block-image size-large"><img loading="lazy" decoding="async" width="1024" height="768" data-id="5814" src="https://centresocial-horizon.fr/wp-content/uploads/2023/12/anim-prox_27-07-2023_03-1024x768.jpg" alt="" class="wp-image-5814" srcset="https://centresocial-horizon.fr/wp-content/uploads/2023/12/anim-prox_27-07-2023_03-1024x768.jpg 1024w, https://centresocial-horizon.fr/wp-content/uploads/2023/12/anim-prox_27-07-2023_03-300x225.jpg 300w, https://centresocial-horizon.fr/wp-content/uploads/2023/12/anim-prox_27-07-2023_03-768x576.jpg 768w, https://centresocial-horizon.fr/wp-content/uploads/2023/12/anim-prox_27-07-2023_03-600x450.jpg 600w, https://centresocial-horizon.fr/wp-content/uploads/2023/12/anim-prox_27-07-2023_03-1536x1152.jpg 1536w, https://centresocial-horizon.fr/wp-content/uploads/2023/12/anim-prox_27-07-2023_03.jpg 2048w" sizes="auto, (max-width: 1024px) 100vw, 1024px" /></figure>



<figure class="wp-block-image size-large"><img loading="lazy" decoding="async" width="1024" height="768" data-id="5815" src="https://centresocial-horizon.fr/wp-content/uploads/2023/12/anim-prox_13-07-23_02-1024x768.jpg" alt="" class="wp-image-5815" srcset="https://centresocial-horizon.fr/wp-content/uploads/2023/12/anim-prox_13-07-23_02-1024x768.jpg 1024w, https://centresocial-horizon.fr/wp-content/uploads/2023/12/anim-prox_13-07-23_02-300x225.jpg 300w, https://centresocial-horizon.fr/wp-content/uploads/2023/12/anim-prox_13-07-23_02-768x576.jpg 768w, https://centresocial-horizon.fr/wp-content/uploads/2023/12/anim-prox_13-07-23_02-600x450.jpg 600w, https://centresocial-horizon.fr/wp-content/uploads/2023/12/anim-prox_13-07-23_02-1536x1152.jpg 1536w, https://centresocial-horizon.fr/wp-content/uploads/2023/12/anim-prox_13-07-23_02.jpg 2048w" sizes="auto, (max-width: 1024px) 100vw, 1024px" /></figure>
</figure>

<p>Programme en cours De juillet à fin août, les animateurs du centre social vous proposent des animations de proximité pour toute la famille, sur le parc de la Girardière et à la plaine Olympique&#46;&#46;&#46;</p>
